actors of 1420?
2, 5, 71
What are the prime factors of 5430?
2, 3, 5, 181
What are the prime factors of 132866?
2, 31, 2143
What are the prime factors of 7508?
2, 1877
What are the prime factors of 1489?
1489
What are the prime factors of 1424?
2, 89
What are the prime factors of 3280?
2, 5, 41
What are the prime factors of 9039?
3, 23, 131
List the prime factors of 21218.
2, 103
List the prime factors of 66864.
2, 3, 7, 199
What are the prime factors of 22231?
11, 43, 47
List the prime factors of 93877.
7, 13411
List the prime factors of 12.
2, 3
List the prime factors of 49864.
2, 23, 271
What are the prime factors of 49647?
3, 13, 19, 67
What are the prime factors of 40204?
2, 19, 23
List the prime factors of 12226.
2, 6113
List the prime factors of 2270.
2, 5, 227
List the prime factors of 12890.
2, 5, 1289
What are the prime factors of 969?
3, 17, 19
List the prime factors of 100160.
2, 5, 313
List the prime factors of 59.
59
List the prime factors of 6650.
2, 5, 7, 19
List the prime factors of 33456.
2, 3, 17, 41
What are the prime factors of 1245?
3, 5, 83
List the prime factors of 4450.
2, 5, 89
List the prime factors of 22620.
2, 3, 5, 13, 29
List the prime factors of 3933.
3, 19, 23
What are the prime factors of 41475?
3, 5, 7, 79
What are the prime factors of 860?
2, 5, 43
What are the prime factors of 10492?
2, 43, 61
What are the prime factors of 1400?
2, 5, 7
List the prime factors of 15061.
15061
What are the prime factors of 234?
2, 3, 13
What are the prime factors of 6249?
3, 2083
What are the prime factors of 2475?
3, 5, 11
List the prime factors of 11377.
31, 367
What are the prime factors of 2246?
2, 1123
What are the prime factors of 3091?
11, 281
List the prime factors of 4493.
4493
List the prime factors of 15534.
2, 3, 863
What are the prime factors of 11168?
2, 349
List the prime factors of 1418.
2, 709
List the prime factors of 9713.
11, 883
List the prime factors of 427.
7, 61
List the prime factors of 39509.
39509
What are the prime factors of 3586?
2, 11, 163
What are the prime factors of 29851?
29851
List the prime factors of 15499.
11, 1409
What are the prime factors of 15372?
2, 3, 7, 61
What are the prime factors of 1910?
2, 5, 191
List the prime factors of 48145.
5, 9629
What are the prime factors of 951?
3, 317
List the prime factors of 18639.
3, 19, 109
List the prime factors of 976.
2, 61
What are the prime factors of 8416?
2, 263
List the prime factors of 20281.
17, 1193
What are the prime factors of 38828?
2, 17, 571
What are the prime factors of 16356?
2, 3, 29, 47
List the prime factors of 13399.
13399
What are the prime factors of 19639?
41, 479
What are the prime factors of 742?
2, 7, 53
What are the prime factors of 6688?
2, 11, 19
What are the prime factors of 5283?
3, 587
List the prime factors of 1371.
3, 457
List the prime factors of 36699.
3, 13, 941
List the prime factors of 142345.
5, 7, 83
List the prime factors of 572.
2, 11, 13
List the prime factors of 6718.
2, 3359
What are the prime factors of 8846?
2, 4423
What are the prime factors of 131025?
3, 5, 1747
What are the prime factors of 7190?
2, 5, 719
List the prime factors of 18957.
3, 71, 89
List the prime factors of 6465.
3, 5, 431
List the prime factors of 158636.
2, 39659
List the prime factors of 2507.
23, 109
List the prime factors of 4325.
5, 173
What are the prime factors of 759?
3, 11, 23
What are the prime factors of 10323?
3, 31, 37
What are the prime factors of 15645?
3, 5, 7, 149
List the prime factors of 2338.
2, 7, 167
What are the prime factors of 70374?
2, 3, 37, 317
List the prime factors of 27127.
27127
What are the prime factors of 39677?
11, 3607
What are the prime factors of 52984?
2, 37, 179
What are the prime factors of 4371?
3, 31, 47
List the prime factors of 289.
17
List the prime factors of 107368.
2, 13421
List the prime factors of 20629.
7, 421
What are the prime factors of 1248?
2, 3, 13
What are the prime factors of 132156?
2, 3, 3671
What are the prime factors of 745?
5, 149
What are the prime factors of 696?
2, 3, 29
What are the prime factors of 1756?
2, 439
What are the prime factors of 8062?
2, 29, 139
What are the prime factors of 50895?
3, 5, 13, 29
What are the prime factors of 15924?
2, 3, 1327
List the prime factors of 14035.
5, 7, 401
List the prime factors of 6181.
7, 883
What are the prime factors of 1689?
3, 563
What are the prime factors of 67371?
3, 17, 1321
What are the prime factors of 173339?
97, 1787
What are the prime factors of 63903?
3, 7, 17, 179
What are the prime factors of 334?
2, 167
List the prime factors of 2163.
3, 7, 103
What are the prime factors of 39157?
39157
List the prime factors of 3125.
5
What are the prime factors of 1382?
2, 691
List the prime factors of 16793.
7, 2399
What are the prime factors of 90216?
2, 3, 7, 179
List the prime factors of 96031.
13, 83, 89
List the prime factors of 63888.
2, 3, 11
What are the prime factors of 28725?
3, 5, 383
List the prime factors of 336.
2, 3, 7
List the prime factors of 12830.
2, 5, 1283
List the prime factors of 14310.
2, 3, 5, 53
What are the prime factors of 15918?
2, 3, 7, 379
List the prime factors of 2395.
5, 479
What are the prime factors of 1747?
1747
List the prime factors of 2998.
2, 1499
What are the prime factors of 171637?
171637
List the prime factors of 3651.
3, 1217
List the prime factors of 4469.
41, 109
What are the prime factors of 306?
2, 3, 17
List the prime factors of 23198.
2, 7, 1657
What are the prime factors of 175061?
175061
What are the prime factors of 1418?
2, 709
List the prime factors of 82782.
2, 3, 7, 73
What are the prime factors of 3928?
2, 491
List the prime factors of 10910.
2, 5, 1091
What are the prime factors of 7234?
2, 3617
What are the prime factors of 18484?
2, 4621
What are the prime factors of 1501?
19, 79
What are the prime factors of 6034?
2, 7, 431
What are the prime factors of 112718?
2, 56359
What are the prime factors of 531?
3, 59
What are the prime factors of 4009?
19, 211
What are the prime factors of 9817?
9817
What are the prime factors of 1330?
2, 5, 7, 19
List the prime factors of 768.
2, 3
List the prime factors of 38069.
38069
What are the prime factors of 534?
2, 3, 89
What are the prime factors of 922?
2, 461
What are the prime factors of 42494?
2, 21247
List the prime factors of 4184.
2, 523
What are the prime factors of 4104?
2, 3, 19
What are the prime factors of 1285?
5, 257
List the prime factors of 2458.
2, 1229
What are the prime factors of 26414?
2, 47, 281
List the prime factors of 16156.
2, 7, 577
List the prime factors of 20755.
5, 7, 593
List the prime factors of 26322.
2, 3, 41, 107
List the prime factors of 909.
3, 101
List the prime factors of 137572.
2, 163, 211
List the prime factors of 6246.
2, 3, 347
List the prime factors of 427.
7, 61
What are the prime factors of 10336?
2, 17, 19
What are the prime factors of 9896?
2, 1237
What are the prime factors of 3384?
2, 3, 47
What are the prime factors of 7958?
2, 23, 173
List the prime factors of 807.
3, 269
List the prime factors of 78259.
78259
What are the prime factors of 1952?
2, 61
What are the prime factors of 830?
2, 5, 83
What are the prime factors of 61?
61
What are the prime factors of 56944?
2, 3559
What are the prime factors of 40114?
2, 31, 647
What are the prime factors of 86090?
2, 5, 8609
What are the prime factors of 731?
17, 43
What are the prime factors of 72196?
2, 18049
What are the prime factors of 839?
839
What are the prime factors of 519?
3, 173
List the prime factors of 16686.
2, 3, 103
What are the prime factors of 980?
2, 5, 7
What are the prime factors of 228?
2, 3, 19
List the prime factors of 5922.
2, 3, 7, 47
What are the prime factors of 258?
2, 3, 43
List the prime factors of 565.
5, 113
List the prime factors of 1388.
2, 347
What are the prime factors of 34691?
113, 307
List the prime factors of 70347.
3, 131, 179
List the prime factors of 2240.
2, 5, 7
What are the prime factors of 3346?
2, 7, 239
What are the prime factors of 17200?
2, 5, 43
List the prime factors of 1558.
2, 19, 41
List the prime factors of 1215.
3, 5
What are the prime factors of 104?
2, 13
What are the prime factors of 5948?
2, 1487
What are the prime factors of 1027?
13, 79
What are 